{"id":1702,"date":"2017-05-03T11:52:45","date_gmt":"2017-05-03T10:52:45","guid":{"rendered":"https:\/\/gcb-sas.fr\/constructeur-maison-ossature-bois-normandie\/?page_id=1702"},"modified":"2017-05-03T11:59:16","modified_gmt":"2017-05-03T10:59:16","slug":"carte-de-nos-realisations-projets-cours","status":"publish","type":"page","link":"https:\/\/gcb-sas.fr\/constructeur-maison-ossature-bois-normandie\/carte-de-nos-realisations-projets-cours\/","title":{"rendered":"Carte de nos r\u00e9alisations : Projets en cours"},"content":{"rendered":"<div id=\"lmm_98f2c434\" style=\"width:100%;\" class=\"mapsmarker layermap layer-3\">\n<div id=\"lmm_panel_98f2c434\" class=\"lmm-panel\" style=\"background:#efefef;\">\n<div id=\"lmm_panel_api_98f2c434\" class=\"lmm-panel-api\"><a href=\"https:\/\/gcb-sas.fr\/constructeur-maison-ossature-bois-normandie\/wp-content\/plugins\/leaflet-maps-marker\/leaflet-fullscreen.php?layer=3\" style=\"text-decoration:none;\" title=\"Ouvrir la carte toute seule en mode plein \u00e9cran\" target=\"_blank\"><img src=\"https:\/\/gcb-sas.fr\/constructeur-maison-ossature-bois-normandie\/wp-content\/plugins\/leaflet-maps-marker\/inc\/img\/icon-fullscreen.png\" width=\"14\" height=\"14\" alt=\"Fullscreen-Logo\" class=\"lmm-panel-api-images\" \/><\/a><\/div><div id=\"lmm_panel_text_98f2c434\" class=\"lmm-panel-text\" style=\"font-weight:bold;color:#373737;\">Projets en cours<\/div>\n<\/div>\n<div id=\"lmm_map_98f2c434\" class=\"lmm-map\" style=\"background:#f6f6f6;border:1px solid #ccc;height:480px; overflow:hidden;padding:0;\"><p style=\"font-size:80%;color:#9f9e9e;margin-left:5px;\">chargement de la carte - veuillez patienter...<noscript><br\/><strong>La carte ne peut \u00eatre charg\u00e9e - s'il vous pla\u00eet activer Javascript !<\/strong><br\/><a style=\"text-decoration:none;\" href=\"https:\/\/www.mapsmarker.com\/js-disabled\" target=\"_blank\">&rarr; plus d'informations<\/a><\/noscript><\/p><\/div>\n<div id=\"lmm_geo_tags_98f2c434_3\" class=\"lmm-geo-tags geo\">Test: <span class=\"latitude\">49.832100<\/span>, <span class=\"longitude\">1.707110<\/span><\/div>\n<div id=\"lmm_listmarkers_98f2c434\" class=\"lmm-listmarkers\" style=\"width:100%;\">\n<table style=\"width:100%;\" id=\"lmm_listmarkers_table_98f2c434\" class=\"lmm-listmarkers-table\"><tr><td class=\"lmm-listmarkers-icon\"><img style=\"border-radius:0;box-shadow:none;\" alt=\"marker icon\" src=\"https:\/\/gcb-sas.fr\/constructeur-maison-ossature-bois-normandie\/wp-content\/uploads\/leaflet-maps-marker-icons\/home.png\" \/><\/td><td class=\"lmm-listmarkers-popuptext\"><div class=\"lmm-listmarkers-panel-icons\">&nbsp;<a href=\"https:\/\/gcb-sas.fr\/constructeur-maison-ossature-bois-normandie\/wp-content\/plugins\/leaflet-maps-marker\/leaflet-fullscreen.php?marker=3\" style=\"text-decoration:none;\" title=\"Ouvrir la carte toute seule en mode plein \u00e9cran\" target=\"_blank\"><img src=\"https:\/\/gcb-sas.fr\/constructeur-maison-ossature-bois-normandie\/wp-content\/plugins\/leaflet-maps-marker\/inc\/img\/icon-fullscreen.png\" width=\"14\" height=\"14\" alt=\"Fullscreen-Logo\" class=\"lmm-panel-api-images\" \/><\/a><\/div><span class=\"lmm-listmarkers-markername\">Test<\/span><br\/><span class=\"lmm-listmarkers-popuptext-only\"><h6>Test<\/h6><br \/><a href=\"https:\/\/gcb-sas.fr\/constructeur-maison-ossature-bois-normandie\/wp-content\/uploads\/2017\/03\/Maison-Bois-Architecte-Val-dOise-95.1.png\"><img class=\"alignleft size-thumbnail wp-image-1641\" src=\"https:\/\/gcb-sas.fr\/constructeur-maison-ossature-bois-normandie\/wp-content\/uploads\/2017\/03\/Maison-Bois-Architecte-Val-dOise-95.1-150x150.png\" alt=\"\" width=\"150\" height=\"150\" \/><\/a><br \/><br \/><a href=\"https:\/\/gcb-sas.fr\/constructeur-maison-ossature-bois-normandie\/portfolio\/hopital-de-jour-au-havre-hopital-de-jour-en-bois\/\" target=\"_blank\" rel=\"noopener noreferrer\">Voir le projet<\/a><\/span><br\/><div class=\"lmm-listmarkers-hr\">Vieux-Rouen-sur-Bresle Normandie, France<\/div><\/td><\/tr><\/table><\/div><\/div>\n","protected":false},"excerpt":{"rendered":"Projets en cours chargement de la carte - veuillez patienter...La carte ne peut \u00eatre charg\u00e9e - s'il vous pla\u00eet activer Javascript !&rarr; plus d'informations Test: 49.832100, 1.707110 &nbsp;TestTestVoir le projetVieux-Rouen-sur-Bresle Normandie, France","protected":false},"author":1,"featured_media":0,"parent":0,"menu_order":0,"comment_status":"closed","ping_status":"closed","template":"","meta":{"_monsterinsights_skip_tracking":false,"_monsterinsights_sitenote_active":false,"_monsterinsights_sitenote_note":"","_monsterinsights_sitenote_category":0},"_links":{"self":[{"href":"https:\/\/gcb-sas.fr\/constructeur-maison-ossature-bois-normandie\/wp-json\/wp\/v2\/pages\/1702"}],"collection":[{"href":"https:\/\/gcb-sas.fr\/constructeur-maison-ossature-bois-normandie\/wp-json\/wp\/v2\/pages"}],"about":[{"href":"https:\/\/gcb-sas.fr\/constructeur-maison-ossature-bois-normandie\/wp-json\/wp\/v2\/types\/page"}],"author":[{"embeddable":true,"href":"https:\/\/gcb-sas.fr\/constructeur-maison-ossature-bois-normandie\/wp-json\/wp\/v2\/users\/1"}],"replies":[{"embeddable":true,"href":"https:\/\/gcb-sas.fr\/constructeur-maison-ossature-bois-normandie\/wp-json\/wp\/v2\/comments?post=1702"}],"version-history":[{"count":1,"href":"https:\/\/gcb-sas.fr\/constructeur-maison-ossature-bois-normandie\/wp-json\/wp\/v2\/pages\/1702\/revisions"}],"predecessor-version":[{"id":1703,"href":"https:\/\/gcb-sas.fr\/constructeur-maison-ossature-bois-normandie\/wp-json\/wp\/v2\/pages\/1702\/revisions\/1703"}],"wp:attachment":[{"href":"https:\/\/gcb-sas.fr\/constructeur-maison-ossature-bois-normandie\/wp-json\/wp\/v2\/media?parent=1702"}],"curies":[{"name":"wp","href":"https:\/\/api.w.org\/{rel}","templated":true}]}}